{"id":7960,"date":"2024-03-05T11:35:36","date_gmt":"2024-03-05T16:35:36","guid":{"rendered":"https:\/\/www.alfredboivin.com\/wordpress\/?page_id=7960"},"modified":"2024-03-14T13:41:11","modified_gmt":"2024-03-14T17:41:11","slug":"politique-de-confidentialite","status":"publish","type":"page","link":"https:\/\/www.alfredboivin.com\/wordpress\/index.php\/politique-de-confidentialite\/","title":{"rendered":"Politique de confidentialit\u00e9"},"content":{"rendered":"<div class=\"flex_column av_one_full  flex_column_div av-zero-column-padding first  \" style='border-radius:0px; '><p><div style='padding-bottom:0px; margin-top:100; ' class='av-special-heading av-special-heading-h2  blockquote modern-quote modern-centered  '><h2 class='av-special-heading-tag '  itemprop=\"headline\"  >POLITIQUE DE CONFIDENTIALIT\u00c9 ET DE PROTECTION DES RENSEIGNEMENTS PERSONNELS<\/h2><div class='special-heading-border'><div class='special-heading-inner-border' ><\/div><\/div><\/div><br \/>\n<div style=' margin-top:5px; margin-bottom:35px;'  class='hr hr-custom hr-center hr-icon-no  '><span class='hr-inner   inner-border-av-border-fat' style=' width:50px; border-color:#af0000;' ><span class='hr-inner-style'><\/span><\/span><\/div><\/p><\/div>\n<div class=\"flex_column av_one_full  flex_column_div av-zero-column-padding first  \" style='border-radius:0px; '><section class=\"av_textblock_section \"  itemscope=\"itemscope\" itemtype=\"https:\/\/schema.org\/CreativeWork\" ><div class='avia_textblock  '   itemprop=\"text\" ><p><strong>1. Qui sommes-nous?<\/strong><\/p>\n<p><em>Le Groupe Alfred Boivin<\/em> est un regroupement d&rsquo;entreprises qui \u0153uvrent dans les domaines du g\u00e9nie civil, du transport, de la r\u00e9cup\u00e9ration de m\u00e9taux ainsi que de la gestion de bassins de r\u00e9sidus miniers, entre autres.<\/p>\n<p>Notre Politique de confidentialit\u00e9 et de protection des renseignements personnels vise \u00e0 prot\u00e9ger et \u00e0\u00a0 encadrer la fa\u00e7on dont les renseignements personnels sont collect\u00e9s, utilis\u00e9s, g\u00e9r\u00e9s, communiqu\u00e9s, conserv\u00e9s et d\u00e9truits par le Groupe Alfred Boivin dans l&rsquo;exercice de nos services.<\/p>\n<p>La pr\u00e9sente Politique reprend en termes simples et clairs les engagements du Groupe Alfred Boivin en lien avec la protection de vos renseignements personnels.<\/p>\n<p><strong>2. Qu\u2019est-ce qu\u2019un renseignement personnel?<\/strong><\/p>\n<p>Un renseignement personnel est d\u00e9fini par la\u00a0<em>Loi sur la protection des renseignements personnels dans le secteur priv\u00e9<\/em>\u00a0comme celui qui porte sur une personne physique et qui permet de l\u2019identifier.<\/p>\n<p><strong>3. Quels renseignements personnels sont collect\u00e9s et utilis\u00e9s par notre organisation?<\/strong><\/p>\n<p>Nous pouvons recueillir et traiter diff\u00e9rents types de renseignements personnels dans le cadre de nos op\u00e9rations, notamment :<\/p>\n<ul>\n<li>L\u2019identit\u00e9 ainsi que les coordonn\u00e9es (nom, pr\u00e9nom, titre d\u2019emploi, adresse postale, adresse courriel, num\u00e9ro de t\u00e9l\u00e9phone) de nos clientes et clients;<\/li>\n<li>Les coordonn\u00e9es bancaires relatives au paiement de nos fournisseurs de services et \u00e0 la facturation de nos clientes et clients.<\/li>\n<li>Des renseignements personnels (notamment des curriculum vitae, lettres de pr\u00e9sentation, relev\u00e9s de notes et r\u00e9f\u00e9rences) dans le cadre de processus de recrutement des membres du personnel et des stagiaires.<\/li>\n<li>Des renseignements personnels aupr\u00e8s des membres de notre personnel pour fins de gestion des dossiers d\u2019employ\u00e9s (notamment l\u2019adresse postale, l\u2019adresse courriel personnelle, les num\u00e9ros de t\u00e9l\u00e9phone, la date de naissance, l&rsquo;appartenance syndicale et le num\u00e9ro d\u2019assurance sociale).<\/li>\n<\/ul>\n<p>Les renseignements personnels qui sont collect\u00e9s par notre organisation sont strictement utilis\u00e9s de fa\u00e7on limit\u00e9e.<\/p>\n<p><strong>4. De quelle fa\u00e7on collectons nous des renseignements personnels?<\/strong><\/p>\n<p>\u00b7 Lors des embauches via le formulaire d\u2019embauche;<\/p>\n<p>\u00b7 Lors du processus de recrutement de vive voix ou via un curriculum vitae;<\/p>\n<p>\u00b7 Lors l&rsquo;inscription comme fournisseur ou comme client via les formulaires fournisseur, factures ou autre.<\/p>\n<p>Des renseignements personnels sont notamment communiqu\u00e9s \u00e0 notre organisation de vive voix, par courriel, t\u00e9l\u00e9phone, messages texte, t\u00e9l\u00e9copieur, document papier ou via les r\u00e9seaux sociaux (Facebook et LinkedIn).<\/p>\n<p>Des renseignements personnels sont \u00e9galement collect\u00e9s par le biais de l\u2019interactivit\u00e9 pouvant s\u2019\u00e9tablir entre notre site Web et les personnes qui le visitent, et ce, pour des fins statistiques ou de gestion du site.<\/p>\n<p>Des renseignements personnels (adresse IP, syst\u00e8me d\u2019exploitation, pages visit\u00e9es et requ\u00eates, heure et jour de connexion) sont collect\u00e9s par le biais de fichiers journaux (log file) et de fichiers t\u00e9moins (cookies), et ce, pour l\u2019am\u00e9lioration du service et l\u2019accueil personnalis\u00e9, conna\u00eetre le profil personnalis\u00e9 de consommation et pour des fins statistiques.<\/p>\n<p><strong>5. Comment vos renseignements personnels sont-ils conserv\u00e9s?<\/strong><\/p>\n<p>Notre \u00e9quipe a mis en place toutes les mesures de s\u00e9curit\u00e9 requises par la loi afin de prot\u00e9ger vos renseignements personnels et d\u2019en assurer la confidentialit\u00e9. Nous pr\u00e9servons \u00e9galement la qualit\u00e9 de vos renseignements personnels en veillant \u00e0 leur exactitude et \u00e0 leur mise \u00e0 jour de fa\u00e7on r\u00e9guli\u00e8re.<\/p>\n<p><strong>6. Dans quel contexte vos renseignements personnels sont-ils d\u00e9truits?<\/strong><\/p>\n<p>Nous suivons un processus rigoureux de conservation et de destruction des renseignements personnels.<\/p>\n<p>\u00c0 cet \u00e9gard, les documents contenant des renseignements personnels doivent \u00eatre d\u00e9truits d\u00e8s que la finalit\u00e9 pour laquelle ils ont \u00e9t\u00e9 collect\u00e9s est accomplie, sous r\u00e9serve du d\u00e9lai pr\u00e9vu par la loi ou par un calendrier de conservation.<\/p>\n<p><strong>7. Quels sont vos droits relativement \u00e0 vos renseignements personnels?<\/strong><\/p>\n<p>Votre consentement doit \u00eatre obtenu lorsque nous collectons et communiquons vos renseignements personnels. Vous pouvez en tout temps exercer vos droits d\u2019acc\u00e8s et de rectification des renseignements personnels que vous nous avez communiqu\u00e9s.<\/p>\n<p><strong>8.Qui est la personne responsable des renseignements personnels?<\/strong><\/p>\n<p>Nous avons d\u00e9sign\u00e9 une personne responsable de la protection des renseignements personnels au sein de notre \u00e9quipe\u00a0:<\/p>\n<p><strong>Isabelle Boivin<\/strong><\/p>\n<p><u>rh@alfredboivin.com<\/u><\/p>\n<p>418 549-2457<\/p>\n<p>2205, rue de la Fonderie<\/p>\n<p>Chicoutimi (Qu\u00e9bec) G7H 8B9<\/p>\n<p>Pour toute question relativement \u00e0 la pr\u00e9sente\u00a0<em>Politique<\/em> ou concernant la protection de vos renseignements personnels au sein de notre organisation, nous vous invitons \u00e0 communiquer avec Mme Isabelle Boivin.<\/p>\n<p><strong>9. Comment porter plainte?<\/strong><\/p>\n<p>Toute plainte aff\u00e9rente \u00e0 la gestion des renseignements personnels doit \u00eatre adress\u00e9e par \u00e9crit au responsable de la protection des renseignements personnels.<\/p>\n<p>Elle doit faire \u00e9tat des faits et motifs \u00e0 son soutien. De plus, tout document pertinent \u00e0 son analyse doit y \u00eatre annex\u00e9.<\/p>\n<p>Le responsable de la protection des renseignements personnels doit traiter la plainte avec diligence et fournir une r\u00e9ponse \u00e9crite au plaignant.<\/p>\n<\/div><\/section><\/div>\n","protected":false},"excerpt":{"rendered":"","protected":false},"author":1,"featured_media":0,"parent":0,"menu_order":0,"comment_status":"closed","ping_status":"closed","template":"","meta":{"_exactmetrics_skip_tracking":false,"_exactmetrics_sitenote_active":false,"_exactmetrics_sitenote_note":"","_exactmetrics_sitenote_category":0,"footnotes":""},"class_list":["post-7960","page","type-page","status-publish","hentry"],"yoast_head":"<!-- This site is optimized with the Yoast SEO Premium plugin v26.8 (Yoast SEO v26.8) - https:\/\/yoast.com\/product\/yoast-seo-premium-wordpress\/ -->\n<title>Politique de confidentialit\u00e9 - Groupe Alfred Boivin<\/title>\n<meta name=\"description\" content=\"La politique du Groupe Alfred Boivin en mati\u00e8re de confidentialit\u00e9 et de protection des renseignements personnels.\" \/>\n<meta name=\"robots\" content=\"index, follow, max-snippet:-1, max-image-preview:large, max-video-preview:-1\" \/>\n<link rel=\"canonical\" href=\"https:\/\/www.alfredboivin.com\/wordpress\/index.php\/politique-de-confidentialite\/\" \/>\n<meta property=\"og:locale\" content=\"fr_FR\" \/>\n<meta property=\"og:type\" content=\"article\" \/>\n<meta property=\"og:title\" content=\"Politique de confidentialit\u00e9\" \/>\n<meta property=\"og:description\" content=\"La politique du Groupe Alfred Boivin en mati\u00e8re de confidentialit\u00e9 et de protection des renseignements personnels.\" \/>\n<meta property=\"og:url\" content=\"https:\/\/www.alfredboivin.com\/wordpress\/index.php\/politique-de-confidentialite\/\" \/>\n<meta property=\"og:site_name\" content=\"Groupe Alfred Boivin\" \/>\n<meta property=\"article:publisher\" content=\"https:\/\/www.facebook.com\/groupealfredboivin\" \/>\n<meta property=\"article:modified_time\" content=\"2024-03-14T17:41:11+00:00\" \/>\n<meta name=\"twitter:card\" content=\"summary_large_image\" \/>\n<meta name=\"twitter:label1\" content=\"Dur\u00e9e de lecture estim\u00e9e\" \/>\n\t<meta name=\"twitter:data1\" content=\"5 minutes\" \/>\n<script type=\"application\/ld+json\" class=\"yoast-schema-graph\">{\"@context\":\"https:\/\/schema.org\",\"@graph\":[{\"@type\":\"WebPage\",\"@id\":\"https:\/\/www.alfredboivin.com\/wordpress\/index.php\/politique-de-confidentialite\/\",\"url\":\"https:\/\/www.alfredboivin.com\/wordpress\/index.php\/politique-de-confidentialite\/\",\"name\":\"Politique de confidentialit\u00e9 - Groupe Alfred Boivin\",\"isPartOf\":{\"@id\":\"https:\/\/www.alfredboivin.com\/wordpress\/#website\"},\"datePublished\":\"2024-03-05T16:35:36+00:00\",\"dateModified\":\"2024-03-14T17:41:11+00:00\",\"description\":\"La politique du Groupe Alfred Boivin en mati\u00e8re de confidentialit\u00e9 et de protection des renseignements personnels.\",\"breadcrumb\":{\"@id\":\"https:\/\/www.alfredboivin.com\/wordpress\/index.php\/politique-de-confidentialite\/#breadcrumb\"},\"inLanguage\":\"fr-FR\",\"potentialAction\":[{\"@type\":\"ReadAction\",\"target\":[\"https:\/\/www.alfredboivin.com\/wordpress\/index.php\/politique-de-confidentialite\/\"]}]},{\"@type\":\"BreadcrumbList\",\"@id\":\"https:\/\/www.alfredboivin.com\/wordpress\/index.php\/politique-de-confidentialite\/#breadcrumb\",\"itemListElement\":[{\"@type\":\"ListItem\",\"position\":1,\"name\":\"Accueil\",\"item\":\"https:\/\/www.alfredboivin.com\/wordpress\/index.php\/home\/\"},{\"@type\":\"ListItem\",\"position\":2,\"name\":\"Politique de confidentialit\u00e9\"}]},{\"@type\":\"WebSite\",\"@id\":\"https:\/\/www.alfredboivin.com\/wordpress\/#website\",\"url\":\"https:\/\/www.alfredboivin.com\/wordpress\/\",\"name\":\"Groupe Alfred Boivin\",\"description\":\"B\u00e2tir l&#039;avenir autrement!\",\"publisher\":{\"@id\":\"https:\/\/www.alfredboivin.com\/wordpress\/#organization\"},\"potentialAction\":[{\"@type\":\"SearchAction\",\"target\":{\"@type\":\"EntryPoint\",\"urlTemplate\":\"https:\/\/www.alfredboivin.com\/wordpress\/?s={search_term_string}\"},\"query-input\":{\"@type\":\"PropertyValueSpecification\",\"valueRequired\":true,\"valueName\":\"search_term_string\"}}],\"inLanguage\":\"fr-FR\"},{\"@type\":\"Organization\",\"@id\":\"https:\/\/www.alfredboivin.com\/wordpress\/#organization\",\"name\":\"Groupe Alfred Boivin\",\"url\":\"https:\/\/www.alfredboivin.com\/wordpress\/\",\"logo\":{\"@type\":\"ImageObject\",\"inLanguage\":\"fr-FR\",\"@id\":\"https:\/\/www.alfredboivin.com\/wordpress\/#\/schema\/logo\/image\/\",\"url\":\"https:\/\/www.alfredboivin.com\/wordpress\/wp-content\/uploads\/2018\/09\/Groupe-Alfred-Boivin.png\",\"contentUrl\":\"https:\/\/www.alfredboivin.com\/wordpress\/wp-content\/uploads\/2018\/09\/Groupe-Alfred-Boivin.png\",\"width\":500,\"height\":350,\"caption\":\"Groupe Alfred Boivin\"},\"image\":{\"@id\":\"https:\/\/www.alfredboivin.com\/wordpress\/#\/schema\/logo\/image\/\"},\"sameAs\":[\"https:\/\/www.facebook.com\/groupealfredboivin\",\"https:\/\/www.instagram.com\/groupealfredboivin\/\"],\"description\":\"Le Groupe Alfred Boivin se sp\u00e9cialise dans la location de bennes, le transport en tout genres, le g\u00e9nie civil, la gestion de parc \u00e0 r\u00e9sidus miniers ainsi que la r\u00e9cup\u00e9ration de m\u00e9taux partout au Saguenay\u2013Lac-St-Jean.\",\"email\":\"eab@alfredboivin.com\",\"foundingDate\":\"194701-01-01\",\"numberOfEmployees\":{\"@type\":\"QuantitativeValue\",\"minValue\":\"201\",\"maxValue\":\"500\"}}]}<\/script>\n<!-- \/ Yoast SEO Premium plugin. -->","yoast_head_json":{"title":"Politique de confidentialit\u00e9 - Groupe Alfred Boivin","description":"La politique du Groupe Alfred Boivin en mati\u00e8re de confidentialit\u00e9 et de protection des renseignements personnels.","robots":{"index":"index","follow":"follow","max-snippet":"max-snippet:-1","max-image-preview":"max-image-preview:large","max-video-preview":"max-video-preview:-1"},"canonical":"https:\/\/www.alfredboivin.com\/wordpress\/index.php\/politique-de-confidentialite\/","og_locale":"fr_FR","og_type":"article","og_title":"Politique de confidentialit\u00e9","og_description":"La politique du Groupe Alfred Boivin en mati\u00e8re de confidentialit\u00e9 et de protection des renseignements personnels.","og_url":"https:\/\/www.alfredboivin.com\/wordpress\/index.php\/politique-de-confidentialite\/","og_site_name":"Groupe Alfred Boivin","article_publisher":"https:\/\/www.facebook.com\/groupealfredboivin","article_modified_time":"2024-03-14T17:41:11+00:00","twitter_card":"summary_large_image","twitter_misc":{"Dur\u00e9e de lecture estim\u00e9e":"5 minutes"},"schema":{"@context":"https:\/\/schema.org","@graph":[{"@type":"WebPage","@id":"https:\/\/www.alfredboivin.com\/wordpress\/index.php\/politique-de-confidentialite\/","url":"https:\/\/www.alfredboivin.com\/wordpress\/index.php\/politique-de-confidentialite\/","name":"Politique de confidentialit\u00e9 - Groupe Alfred Boivin","isPartOf":{"@id":"https:\/\/www.alfredboivin.com\/wordpress\/#website"},"datePublished":"2024-03-05T16:35:36+00:00","dateModified":"2024-03-14T17:41:11+00:00","description":"La politique du Groupe Alfred Boivin en mati\u00e8re de confidentialit\u00e9 et de protection des renseignements personnels.","breadcrumb":{"@id":"https:\/\/www.alfredboivin.com\/wordpress\/index.php\/politique-de-confidentialite\/#breadcrumb"},"inLanguage":"fr-FR","potentialAction":[{"@type":"ReadAction","target":["https:\/\/www.alfredboivin.com\/wordpress\/index.php\/politique-de-confidentialite\/"]}]},{"@type":"BreadcrumbList","@id":"https:\/\/www.alfredboivin.com\/wordpress\/index.php\/politique-de-confidentialite\/#breadcrumb","itemListElement":[{"@type":"ListItem","position":1,"name":"Accueil","item":"https:\/\/www.alfredboivin.com\/wordpress\/index.php\/home\/"},{"@type":"ListItem","position":2,"name":"Politique de confidentialit\u00e9"}]},{"@type":"WebSite","@id":"https:\/\/www.alfredboivin.com\/wordpress\/#website","url":"https:\/\/www.alfredboivin.com\/wordpress\/","name":"Groupe Alfred Boivin","description":"B\u00e2tir l&#039;avenir autrement!","publisher":{"@id":"https:\/\/www.alfredboivin.com\/wordpress\/#organization"},"potentialAction":[{"@type":"SearchAction","target":{"@type":"EntryPoint","urlTemplate":"https:\/\/www.alfredboivin.com\/wordpress\/?s={search_term_string}"},"query-input":{"@type":"PropertyValueSpecification","valueRequired":true,"valueName":"search_term_string"}}],"inLanguage":"fr-FR"},{"@type":"Organization","@id":"https:\/\/www.alfredboivin.com\/wordpress\/#organization","name":"Groupe Alfred Boivin","url":"https:\/\/www.alfredboivin.com\/wordpress\/","logo":{"@type":"ImageObject","inLanguage":"fr-FR","@id":"https:\/\/www.alfredboivin.com\/wordpress\/#\/schema\/logo\/image\/","url":"https:\/\/www.alfredboivin.com\/wordpress\/wp-content\/uploads\/2018\/09\/Groupe-Alfred-Boivin.png","contentUrl":"https:\/\/www.alfredboivin.com\/wordpress\/wp-content\/uploads\/2018\/09\/Groupe-Alfred-Boivin.png","width":500,"height":350,"caption":"Groupe Alfred Boivin"},"image":{"@id":"https:\/\/www.alfredboivin.com\/wordpress\/#\/schema\/logo\/image\/"},"sameAs":["https:\/\/www.facebook.com\/groupealfredboivin","https:\/\/www.instagram.com\/groupealfredboivin\/"],"description":"Le Groupe Alfred Boivin se sp\u00e9cialise dans la location de bennes, le transport en tout genres, le g\u00e9nie civil, la gestion de parc \u00e0 r\u00e9sidus miniers ainsi que la r\u00e9cup\u00e9ration de m\u00e9taux partout au Saguenay\u2013Lac-St-Jean.","email":"eab@alfredboivin.com","foundingDate":"194701-01-01","numberOfEmployees":{"@type":"QuantitativeValue","minValue":"201","maxValue":"500"}}]}},"_links":{"self":[{"href":"https:\/\/www.alfredboivin.com\/wordpress\/index.php\/wp-json\/wp\/v2\/pages\/7960","targetHints":{"allow":["GET"]}}],"collection":[{"href":"https:\/\/www.alfredboivin.com\/wordpress\/index.php\/wp-json\/wp\/v2\/pages"}],"about":[{"href":"https:\/\/www.alfredboivin.com\/wordpress\/index.php\/wp-json\/wp\/v2\/types\/page"}],"author":[{"embeddable":true,"href":"https:\/\/www.alfredboivin.com\/wordpress\/index.php\/wp-json\/wp\/v2\/users\/1"}],"replies":[{"embeddable":true,"href":"https:\/\/www.alfredboivin.com\/wordpress\/index.php\/wp-json\/wp\/v2\/comments?post=7960"}],"version-history":[{"count":7,"href":"https:\/\/www.alfredboivin.com\/wordpress\/index.php\/wp-json\/wp\/v2\/pages\/7960\/revisions"}],"predecessor-version":[{"id":8023,"href":"https:\/\/www.alfredboivin.com\/wordpress\/index.php\/wp-json\/wp\/v2\/pages\/7960\/revisions\/8023"}],"wp:attachment":[{"href":"https:\/\/www.alfredboivin.com\/wordpress\/index.php\/wp-json\/wp\/v2\/media?parent=7960"}],"curies":[{"name":"wp","href":"https:\/\/api.w.org\/{rel}","templated":true}]}}